Suppose -9 = 11*o - 537. Let d(g) = g**2 + 2*g - 12. Let w be d(3). Suppose -3*x = -w*f + 9, 3*f = 5*f - 4*x. What is the highest common divisor of o and f?
6
Suppose -73 = -3*t + 4*c, -11*t = -16*t - 4*c + 47. Suppose 1071 = 2*w + w. Let s = w + -192. Calculate the highest common divisor of s and t.
15
Let c = -178 + 184. What is the greatest common factor of c and 1236?
6
Let v(t) = 5*t - 17. Let b be v(-17). Let m = b + 172. Suppose n + m = 6*n. What is the greatest common divisor of 252 and n?
14
Let u = 3194 + -3094. What is the highest common factor of 325 and u?
25
Let x = -30 - -50. Suppose -124*m = -120*m. Suppose -w + 74 + 146 = m. What is the greatest common factor of w and x?
20
Let b(s) = -571*s - 330. Let v be b(-2). Calculate the greatest common factor of 84 and v.
28
Let a(q) = -8*q**2 - 339*q + 47. Let h be a(-42). Let w = h + -136. Calculate the greatest common factor of w and 1.
1
Let p be -29 + 10 - (-6 - -2). Let q be ((-5)/2)/(p/30). Suppose -4*a = 20, -q*s + 12 + 23 = -3*a. Calculate the highest common divisor of s and 2.
2
Let m be 2/(-7) + 0 - 50/(-175). Suppose 41*n - 3*n - 266 = m. What is the greatest common divisor of 133 and n?
7
Suppose -2410 = -189*j + 2571 + 1445. What is the greatest common factor of j and 3757?
17
Let v(h) = -386*h - 8910. Let j be v(-99). What is the highest common factor of j and 6?
6
Let f be (-4)/7*(-4 - 3). Suppose 4 = -0*u - f*u. Let v be (((-3)/(-9))/1)/(u/(-39)). What is the greatest common divisor of 65 and v?
13
Let d be ((-630)/24)/(35/(-840)). Calculate the highest common factor of d and 2625.
105
Let k = 24 - 15. Let h(t) = 10 - 6*t + k - 30. Let r be h(-3). What is the greatest common factor of r and 63?
7
Let g(x) = -232*x - 16. Suppose -54*f + 53*f = 2. Let c be g(f). What is the highest common divisor of 28 and c?
28
Let q(a) = 66*a**3 + 3*a**2 + 133*a - 135. Let n be q(1). What is the highest common divisor of 11323 and n?
67
Let x(z) = -10*z**2 + 36*z + 36. Let m be x(3). Calculate the greatest common divisor of m and 963.
9
Suppose 0 = -12*f + 2*f + 7110. Calculate the highest common divisor of f and 36.
9
Let t(u) = u**3 + 12*u**2 - 5*u + 10. Let l be t(-12). Let g be 14/l + (-48)/(-10) + 1. Suppose -4*a + 3 = -9. What is the highest common divisor of a and g?
3
Suppose 11776 = -6*s + 22*s. What is the highest common factor of s and 3128?
184
Let k = 787 - 304. Calculate the highest common divisor of k and 8142.
69
Let w be 70/245 + 520/91. What is the greatest common factor of 165 and w?
3
Let w(c) = c**3 + 7*c**2 - 69*c + 148. Let k be w(4). Calculate the highest common factor of k and 12396.
12
Let k be 144/(-32)*44/(-9). Let f be 2/6 + 164/3. What is the highest common divisor of k and f?
11
Let r = 4479 + -2994. Suppose -r = h - 10*h. What is the highest common factor of 45 and h?
15
Let q be 47/6 + 55/330. Suppose 19 = -3*f + 73. Let z be f - ((q - 1) + -4). Calculate the greatest common divisor of z and 3.
3
Suppose -73*b + 2*j - 44 = -78*b, -5*j = -3*b + 14. Let l = 1 + 1. Let w be (0 - (l + -2)) + 1. What is the greatest common factor of w and b?
1
Suppose 2*q + 4*s - 24 = 0, -26*q + 45 = -21*q + 5*s. Calculate the highest common divisor of q and 348.
6
Suppose 3*d + 35 = 5*m + 9, -2*m + 2 = 0. Let i(v) = -v**2 - 16*v - 19. Let u be i(d). What is the greatest common factor of u and 55?
11
Let u be 4/(-4*5/80). Let y be ((-2)/(u/42))/((-7)/(-84)). What is the highest common factor of y and 7?
7
Let z(g) be the second derivative of 16*g**3/3 + 4*g**2 + g + 4. Let p be z(2). Calculate the greatest common divisor of p and 576.
72
Suppose -8*q - 15 = -11*q. Suppose h + 2252 = q*v - 0*v, 3*h - 444 = -v. Suppose 31*m - 36*m = -v. What is the greatest common factor of 18 and m?
18
Let j(s) = 2*s**2 + 5*s + 5. Let f be j(-3). Let l = f + -4. Let m(x) = 3*x**2 - 2*x + 52. Let i be m(0). What is the highest common divisor of l and i?
4
Let u be (1*4)/(-7 - -8)*-1. Let q(j) = j**2 + 33*j + 128. Let s be q(u). What is the greatest common factor of 228 and s?
12
Suppose 6*c + c = 322. Let i = 14 + c. What is the highest common factor of 40 and i?
20
Suppose 0 = 14*h + 5923 + 671. Let n = h - -569. Calculate the highest common factor of n and 70.
14
Suppose 3*r = -2*r + 2*h + 72, 3*h = -3. Suppose y = -5 + 6. What is the greatest common factor of r and y?
1
Let m = 47 + -42. Suppose 0 = 2*a - 2*p - 2*p - 14, -m*p = -a + 13. Let q be a + 1 + (-60)/(-5). Calculate the highest common divisor of q and 32.
16
Let p(f) = 3*f**3 - 12*f**2 - f - 7. Let l be p(5). Suppose 4*n - 7*n + l = 4*q, n = 5*q - 93. What is the greatest common factor of 24 and q?
6
Let o = 55 - -6. Suppose -3*m - 234 = 4*n, 101 = -2*n - m - 17. Let z = o + n. What is the highest common factor of z and 2?
1
Let g(v) be the first derivative of v**4/4 + 3*v**3 + 7*v**2/2 - 10*v - 33. Let k be g(-7). What is the highest common factor of k and 39?
39
Let v(h) = -5 + h**2 + 0*h**2 + 4. Let z be v(2). Let u = z - -10. What is the greatest common divisor of u and 13?
13
Suppose 0 = v - 3*x - 360, -4*v + 1359 = -93*x + 90*x. Calculate the greatest common divisor of v and 6438.
111
Let x = -5816 - -5946. What is the greatest common factor of x and 290?
10
Let n be 0/(-7) + -2 + -1. Let j = 7 + n. Let d be ((-164)/(-123))/(4/6). Calculate the greatest common factor of j and d.
2
Let d(u) = -u + 7. Let s be d(5). Let b = -3891 + 3896. What is the greatest common divisor of b and s?
1
Suppose 349*h + 3*g = 351*h - 19, 3*h - 30 = 4*g. Suppose -x = 2*v - 2*x - 281, -2*v - 2*x + 278 = 0. What is the highest common factor of v and h?
14
Suppose -5*w + 35 - 15 = 0, 15 = f + 3*w. Suppose -4*c + 205 = 3*p - 64, 0 = -2*c + f*p + 139. What is the greatest common factor of c and 85?
17
Let v = 84 + -42. Suppose -1354 = 45*o + 494 - 8778. Calculate the highest common divisor of v and o.
14
Suppose 85*v = -14*v + 2772. What is the greatest common factor of v and 22036?
28
Suppose -2*a - 2*v + 3906 = 0, 85*a = 87*a - v - 3903. What is the greatest common divisor of 64 and a?
32
Suppose -3*u = 5*t - 114, -u - 5*t + 48 + 0 = 0. Calculate the greatest common divisor of 583 and u.
11
Let o(r) = r**3 + 13*r**2 - r - 13. Let p be o(-13). Let k = 55 + p. Let l = k + -35. What is the highest common divisor of l and 180?
20
Let n be (42/9*1)/((-8)/228). Let r = 249 + n. What is the highest common divisor of 406 and r?
58
Let n = -4458 + 5690. Calculate the greatest common factor of 224 and n.
112
Let m be 12873/27 + 4/18. Suppose 2*s = -8*z + 412, -5*z - 54*s = -58*s - 289. What is the greatest common divisor of m and z?
53
Suppose 19*a - 20 = 23*a. Let u be 144/a*(-160)/48. Calculate the highest common factor of 24 and u.
24
Suppose 3*x + 0*x = 4*k + 15, -4*x = 2*k + 2. Let z be (x - 9)*(-1)/(-2). Let o be (-1)/z - (195/(-20) - 1). Calculate the highest common factor of o and 22.
11
Let o be 474/5 + (-700)/875. Suppose -1325 = -9*q - 56. Calculate the highest common factor of q and o.
47
Let d = 72 + -63. Suppose -15*c + 456 = -d*c. Let u = c + -48. Calculate the highest common factor of 98 and u.
14
Let i(l) = -l**2 - 12*l + 42. Let w be i(-13). Suppose 0 = -v - w*v + 60. Let f = 40 - 18. What is the highest common factor of f and v?
2
Let a = 8687 + -4942. Calculate the greatest common divisor of a and 35.
35
Let w be -2*27897/(-2) + (-36)/((-132)/(-22)). Calculate the greatest common divisor of w and 27.
27
Suppose 3*i = 3*g + 480, -72*i + 67*i = -3*g - 792. What is the highest common factor of 65 and i?
13
Suppose 64*m - 70*m + 84 = 0. Let r be 8018/133 + (-4)/m. Calculate the greatest common divisor of 20 and r.
20
Let a = 1110 + 10692. Calculate the greatest common divisor of 14 and a.
14
Suppose 4*i - 1421 + 213 = 0. Let p = 761 - i. What is the highest common divisor of p and 27?
27
Let t = -77 + 109. Let f(y) = -y**2 + 8*y + 2. Let p be f(8). Suppose 4*o - x - 35 = 0, 2*o - x = -p*x + 13. What is the greatest common factor of o and t?
8
Let w(i) = 5*i - 11 + i**2 + 3 + 2 + 1. Let g be w(-5). Let c be -35*((-1)/g - 2/2). What is the highest common divisor of c and 4?
4
Suppose 41 = -r - 51. Suppose 374*v + 850 = 364*v. Let b = v - r. What is the greatest common divisor of 1 and b?
1
Let a(h) = -5*h**3 - 15*h**2 - 41*h + 18. Let s be 